{"id":89175,"date":"2022-03-01T10:01:47","date_gmt":"2022-03-01T07:01:47","guid":{"rendered":"https:\/\/pihakorento.fi\/?page_id=89175"},"modified":"2022-03-01T10:23:35","modified_gmt":"2022-03-01T07:23:35","slug":"pihasuunnittelukurssi","status":"publish","type":"page","link":"https:\/\/pihakorento.fi\/index.php\/pihasuunnittelukurssi\/","title":{"rendered":"Pihasuunnittelukurssi &#8211; Pihakorento"},"content":{"rendered":"<div class=\"wpb-content-wrapper\"><p>[vc_row row_height_percent=&#8221;0&#8243; override_padding=&#8221;yes&#8221; h_padding=&#8221;2&#8243; top_padding=&#8221;4&#8243; bottom_padding=&#8221;3&#8243; back_image=&#8221;88698&#8243; back_position=&#8221;center bottom&#8221; parallax=&#8221;yes&#8221; overlay_color=&#8221;color-lxmt&#8221; overlay_alpha=&#8221;11&#8243; gutter_size=&#8221;3&#8243; column_width_percent=&#8221;100&#8243; shift_y=&#8221;0&#8243; z_index=&#8221;0&#8243; uncode_shortcode_id=&#8221;104185&#8243; overlay_color_type=&#8221;uncode-palette&#8221;][vc_column column_width_percent=&#8221;100&#8243; position_vertical=&#8221;middle&#8221; gutter_size=&#8221;4&#8243; style=&#8221;dark&#8221; overlay_alpha=&#8221;50&#8243; shift_x=&#8221;0&#8243; shift_y=&#8221;0&#8243; shift_y_down=&#8221;0&#8243; z_index=&#8221;0&#8243; medium_width=&#8221;0&#8243; mobile_width=&#8221;0&#8243; width=&#8221;1\/1&#8243;][vc_row_inner row_inner_height_percent=&#8221;0&#8243; overlay_alpha=&#8221;50&#8243; gutter_size=&#8221;4&#8243; shift_y=&#8221;0&#8243; z_index=&#8221;0&#8243;][vc_column_inner column_width_percent=&#8221;100&#8243; position_vertical=&#8221;bottom&#8221; gutter_size=&#8221;3&#8243; style=&#8221;dark&#8221; overlay_alpha=&#8221;50&#8243; shift_x=&#8221;0&#8243; shift_y=&#8221;0&#8243; shift_y_down=&#8221;0&#8243; z_index=&#8221;0&#8243; medium_width=&#8221;0&#8243; mobile_width=&#8221;0&#8243; width=&#8221;1\/2&#8243;][vc_custom_heading heading_semantic=&#8221;h6&#8243; text_size=&#8221;fontsize-338686&#8243; text_height=&#8221;fontheight-179065&#8243; uncode_shortcode_id=&#8221;392830&#8243;]Tule pihasuunnittelu kurssille ja opi pihasuunnittelun perusteet![\/vc_custom_heading][\/vc_column_inner][vc_column_inner width=&#8221;1\/2&#8243;][\/vc_column_inner][\/vc_row_inner][vc_separator sep_color=&#8221;color-lxmt&#8221; uncode_shortcode_id=&#8221;189988&#8243; el_height=&#8221;8px&#8221; sep_color_type=&#8221;uncode-palette&#8221;][vc_row_inner row_inner_height_percent=&#8221;0&#8243; overlay_alpha=&#8221;50&#8243; equal_height=&#8221;yes&#8221; gutter_size=&#8221;3&#8243; shift_y=&#8221;0&#8243; z_index=&#8221;0&#8243;][vc_column_inner column_width_percent=&#8221;100&#8243; gutter_size=&#8221;2&#8243; style=&#8221;dark&#8221; overlay_alpha=&#8221;50&#8243; shift_x=&#8221;0&#8243; shift_y=&#8221;0&#8243; shift_y_down=&#8221;0&#8243; z_index=&#8221;0&#8243; medium_width=&#8221;0&#8243; mobile_width=&#8221;7&#8243; width=&#8221;1\/4&#8243;][vc_icon icon=&#8221;fa fa-pencil4&#8243; size=&#8221;fa-4x&#8221; text_size=&#8221;h4&#8243; title=&#8221;Suunnittelun l\u00e4ht\u00f6kohdat&#8221; uncode_shortcode_id=&#8221;121603&#8243;][\/vc_icon][\/vc_column_inner][vc_column_inner column_width_percent=&#8221;100&#8243; gutter_size=&#8221;2&#8243; style=&#8221;dark&#8221; overlay_alpha=&#8221;10&#8243; shift_x=&#8221;0&#8243; shift_y=&#8221;0&#8243; shift_y_down=&#8221;0&#8243; z_index=&#8221;0&#8243; medium_width=&#8221;0&#8243; mobile_width=&#8221;7&#8243; width=&#8221;1\/4&#8243;][vc_icon icon=&#8221;fa fa-leaf2&#8243; size=&#8221;fa-4x&#8221; text_size=&#8221;h4&#8243; title=&#8221;Kasvivalinnat&#8221; uncode_shortcode_id=&#8221;140849&#8243;][\/vc_icon][\/vc_column_inner][vc_column_inner column_width_percent=&#8221;100&#8243; gutter_size=&#8221;2&#8243; style=&#8221;dark&#8221; overlay_alpha=&#8221;50&#8243; shift_x=&#8221;0&#8243; shift_y=&#8221;0&#8243; shift_y_down=&#8221;0&#8243; z_index=&#8221;0&#8243; medium_width=&#8221;0&#8243; mobile_width=&#8221;7&#8243; width=&#8221;1\/4&#8243;][vc_icon icon=&#8221;fa fa-directions&#8221; size=&#8221;fa-4x&#8221; text_size=&#8221;h4&#8243; title=&#8221;Pihan toiminnot&#8221; uncode_shortcode_id=&#8221;274662&#8243;][\/vc_icon][\/vc_column_inner][vc_column_inner column_width_percent=&#8221;100&#8243; gutter_size=&#8221;2&#8243; style=&#8221;dark&#8221; overlay_alpha=&#8221;50&#8243; shift_x=&#8221;0&#8243; shift_y=&#8221;0&#8243; shift_y_down=&#8221;0&#8243; z_index=&#8221;0&#8243; medium_width=&#8221;0&#8243; mobile_width=&#8221;7&#8243; width=&#8221;1\/4&#8243;][vc_icon icon=&#8221;fa fa-eur&#8221; size=&#8221;fa-4x&#8221; text_size=&#8221;h4&#8243; title=&#8221;Kustannukset&#8221; uncode_shortcode_id=&#8221;188286&#8243;][\/vc_icon][\/vc_column_inner][\/vc_row_inner][\/vc_column][\/vc_row][vc_row row_height_percent=&#8221;50&#8243; override_padding=&#8221;yes&#8221; h_padding=&#8221;2&#8243; top_padding=&#8221;5&#8243; bottom_padding=&#8221;5&#8243; overlay_alpha=&#8221;50&#8243; gutter_size=&#8221;3&#8243; column_width_percent=&#8221;100&#8243; shift_y=&#8221;0&#8243; z_index=&#8221;0&#8243;][vc_column column_width_use_pixel=&#8221;yes&#8221; position_vertical=&#8221;middle&#8221; align_horizontal=&#8221;align_center&#8221; gutter_size=&#8221;3&#8243; overlay_alpha=&#8221;50&#8243; shift_x=&#8221;0&#8243; shift_y=&#8221;0&#8243; shift_y_down=&#8221;0&#8243; z_index=&#8221;0&#8243; medium_width=&#8221;0&#8243; mobile_width=&#8221;0&#8243; width=&#8221;1\/1&#8243; column_width_pixel=&#8221;900&#8243;][vc_custom_heading heading_semantic=&#8221;h3&#8243; text_size=&#8221;fontsize-155944&#8243; uncode_shortcode_id=&#8221;164659&#8243;]Ilmoittaudu listalle, niin saat tiedon kun kurssi j\u00e4rjestet\u00e4\u00e4n[\/vc_custom_heading][vc_row_inner][vc_column_inner column_width_use_pixel=&#8221;yes&#8221; align_horizontal=&#8221;align_center&#8221; gutter_size=&#8221;0&#8243; overlay_alpha=&#8221;50&#8243; shift_x=&#8221;0&#8243; shift_y=&#8221;0&#8243; shift_y_down=&#8221;0&#8243; z_index=&#8221;0&#8243; medium_width=&#8221;0&#8243; mobile_width=&#8221;0&#8243; width=&#8221;1\/1&#8243; column_width_pixel=&#8221;400&#8243;][vc_column_text uncode_shortcode_id=&#8221;355869&#8243;]Ker\u00e4\u00e4mme t\u00e4ll\u00e4 hetkell\u00e4 kiinnostuneita s\u00e4hk\u00f6postilistalle ja kun meill\u00e4 on tarpeeksi kiinnostuneita j\u00e4rjest\u00e4mme pihasuunnittelukurssin. Ilmoittamalla osoitteesi mukaan saat tiedon kun ilmoittautuminen aukeaa. \u00a0T\u00e4m\u00e4 kiinnostuksen ilmaiseminen ei viel\u00e4 sitouta sinua mihink\u00e4\u00e4n.[\/vc_column_text][\/vc_column_inner][\/vc_row_inner][vc_row_inner][vc_column_inner column_width_use_pixel=&#8221;yes&#8221; align_horizontal=&#8221;align_center&#8221; gutter_size=&#8221;3&#8243; overlay_alpha=&#8221;50&#8243; shift_x=&#8221;0&#8243; shift_y=&#8221;0&#8243; shift_y_down=&#8221;0&#8243; z_index=&#8221;0&#8243; medium_width=&#8221;0&#8243; mobile_width=&#8221;0&#8243; width=&#8221;1\/1&#8243; column_width_pixel=&#8221;600&#8243;]<div id=\"cf7cstmzr-form\" class=\"cf7cstmzr-form-23 cf7cstmzr-form\">\n<div class=\"wpcf7 no-js\" id=\"wpcf7-f23-o1\" lang=\"en-US\" dir=\"ltr\" data-wpcf7-id=\"23\">\n<div class=\"screen-reader-response\"><p role=\"status\" aria-live=\"polite\" aria-atomic=\"true\"><\/p> <ul><\/ul><\/div>\n<form action=\"\/index.php\/wp-json\/wp\/v2\/pages\/89175#wpcf7-f23-o1\" method=\"post\" class=\"wpcf7-form init\" aria-label=\"Contact form\" novalidate=\"novalidate\" data-status=\"init\">\n<fieldset class=\"hidden-fields-container\"><input type=\"hidden\" name=\"_wpcf7\" value=\"23\" \/><input type=\"hidden\" name=\"_wpcf7_version\" value=\"6.1.5\" \/><input type=\"hidden\" name=\"_wpcf7_locale\" value=\"en_US\" \/><input type=\"hidden\" name=\"_wpcf7_unit_tag\" value=\"wpcf7-f23-o1\" \/><input type=\"hidden\" name=\"_wpcf7_container_post\" value=\"0\" \/><input type=\"hidden\" name=\"_wpcf7_posted_data_hash\" value=\"\" \/>\n<\/fieldset>\n<div class=\"wpcf7-inline-wrapper wpcf7-input-group\">\n\t<p class=\"wpcf7-inline-field wpcf7-inline-field-text\"><span class=\"wpcf7-form-control-wrap\" data-name=\"your-email\"><input size=\"40\" maxlength=\"400\" class=\"wpcf7-form-control wpcf7-email wpcf7-validates-as-required wpcf7-text wpcf7-validates-as-email\" aria-required=\"true\" aria-invalid=\"false\" placeholder=\"S\u00e4hk\u00f6posti\" value=\"\" type=\"email\" name=\"your-email\" \/><\/span>\n\t<\/p>\n\t<p class=\"wpcf7-inline-field wpcf7-inline-field-btn\"><input class=\"wpcf7-form-control wpcf7-submit has-spinner btn btn-default btn-flat\" type=\"submit\" value=\"Ilmoittaudu\" \/>\n\t<\/p>\n<\/div><div class=\"wpcf7-response-output\" aria-hidden=\"true\"><\/div>\n<\/form>\n<\/div>\n<\/div>[\/vc_column_inner][\/vc_row_inner][\/vc_column][\/vc_row]<\/p>\n<\/div>","protected":false},"excerpt":{"rendered":"<p>[vc_row row_height_percent=&#8221;0&#8243; override_padding=&#8221;yes&#8221; h_padding=&#8221;2&#8243; top_padding=&#8221;4&#8243; bottom_padding=&#8221;3&#8243; back_image=&#8221;88698&#8243; back_position=&#8221;center bottom&#8221; parallax=&#8221;yes&#8221; overlay_color=&#8221;color-lxmt&#8221; overlay_alpha=&#8221;11&#8243; gutter_size=&#8221;3&#8243; column_width_percent=&#8221;100&#8243; shift_y=&#8221;0&#8243; z_index=&#8221;0&#8243; uncode_shortcode_id=&#8221;104185&#8243; overlay_color_type=&#8221;uncode-palette&#8221;][vc_column column_width_percent=&#8221;100&#8243; position_vertical=&#8221;middle&#8221; [&hellip;]<\/p>\n","protected":false},"author":1,"featured_media":0,"parent":0,"menu_order":0,"comment_status":"closed","ping_status":"closed","template":"","meta":{"footnotes":""},"class_list":["post-89175","page","type-page","status-publish","hentry"],"yoast_head":"<!-- This site is optimized with the Yoast SEO plugin v27.5 - https:\/\/yoast.com\/product\/yoast-seo-wordpress\/ -->\n<title>Pihasuunnittelukurssi - Pihakorento<\/title>\n<meta name=\"description\" content=\"Pihasuunnittelukurssilla opit pihasuunnittelun perusteita - Kurssi j\u00e4rjestet\u00e4\u00e4n et\u00e4n\u00e4 koko Suomen alueella - Ilmoittaudu mukaan!\" \/>\n<meta name=\"robots\" content=\"index, follow, max-snippet:-1, max-image-preview:large, max-video-preview:-1\" \/>\n<link rel=\"canonical\" href=\"https:\/\/pihakorento.fi\/index.php\/pihasuunnittelukurssi\/\" \/>\n<meta property=\"og:locale\" content=\"en_US\" \/>\n<meta property=\"og:type\" content=\"article\" \/>\n<meta property=\"og:title\" content=\"Pihasuunnittelukurssi - Pihakorento\" \/>\n<meta property=\"og:description\" content=\"Pihasuunnittelukurssilla opit pihasuunnittelun perusteita - Kurssi j\u00e4rjestet\u00e4\u00e4n et\u00e4n\u00e4 koko Suomen alueella - Ilmoittaudu mukaan!\" \/>\n<meta property=\"og:url\" content=\"https:\/\/pihakorento.fi\/index.php\/pihasuunnittelukurssi\/\" \/>\n<meta property=\"og:site_name\" content=\"Pihakorento I Pihasuunnittelu ja viherrakentaminen\" \/>\n<meta property=\"article:publisher\" content=\"https:\/\/www.facebook.com\/PihaKorento\/\" \/>\n<meta property=\"article:modified_time\" content=\"2022-03-01T07:23:35+00:00\" \/>\n<meta name=\"twitter:card\" content=\"summary_large_image\" \/>\n<meta name=\"twitter:label1\" content=\"Est. reading time\" \/>\n\t<meta name=\"twitter:data1\" content=\"1 minute\" \/>\n<script type=\"application\/ld+json\" class=\"yoast-schema-graph\">{\"@context\":\"https:\\\/\\\/schema.org\",\"@graph\":[{\"@type\":\"WebPage\",\"@id\":\"https:\\\/\\\/pihakorento.fi\\\/index.php\\\/pihasuunnittelukurssi\\\/\",\"url\":\"https:\\\/\\\/pihakorento.fi\\\/index.php\\\/pihasuunnittelukurssi\\\/\",\"name\":\"Pihasuunnittelukurssi - Pihakorento\",\"isPartOf\":{\"@id\":\"https:\\\/\\\/pihakorento.fi\\\/#website\"},\"datePublished\":\"2022-03-01T07:01:47+00:00\",\"dateModified\":\"2022-03-01T07:23:35+00:00\",\"description\":\"Pihasuunnittelukurssilla opit pihasuunnittelun perusteita - Kurssi j\u00e4rjestet\u00e4\u00e4n et\u00e4n\u00e4 koko Suomen alueella - Ilmoittaudu mukaan!\",\"breadcrumb\":{\"@id\":\"https:\\\/\\\/pihakorento.fi\\\/index.php\\\/pihasuunnittelukurssi\\\/#breadcrumb\"},\"inLanguage\":\"en\",\"potentialAction\":[{\"@type\":\"ReadAction\",\"target\":[\"https:\\\/\\\/pihakorento.fi\\\/index.php\\\/pihasuunnittelukurssi\\\/\"]}]},{\"@type\":\"BreadcrumbList\",\"@id\":\"https:\\\/\\\/pihakorento.fi\\\/index.php\\\/pihasuunnittelukurssi\\\/#breadcrumb\",\"itemListElement\":[{\"@type\":\"ListItem\",\"position\":1,\"name\":\"Home\",\"item\":\"https:\\\/\\\/pihakorento.fi\\\/\"},{\"@type\":\"ListItem\",\"position\":2,\"name\":\"Pihasuunnittelukurssi &#8211; Pihakorento\"}]},{\"@type\":\"WebSite\",\"@id\":\"https:\\\/\\\/pihakorento.fi\\\/#website\",\"url\":\"https:\\\/\\\/pihakorento.fi\\\/\",\"name\":\"Pihakorento I Pihasuunnittelu ja viherrakentaminen\",\"description\":\"Pihasuunnittelu, Viherrakentaminen, Viherhoito, Pihakonsultointi\",\"publisher\":{\"@id\":\"https:\\\/\\\/pihakorento.fi\\\/#organization\"},\"potentialAction\":[{\"@type\":\"SearchAction\",\"target\":{\"@type\":\"EntryPoint\",\"urlTemplate\":\"https:\\\/\\\/pihakorento.fi\\\/?s={search_term_string}\"},\"query-input\":{\"@type\":\"PropertyValueSpecification\",\"valueRequired\":true,\"valueName\":\"search_term_string\"}}],\"inLanguage\":\"en\"},{\"@type\":\"Organization\",\"@id\":\"https:\\\/\\\/pihakorento.fi\\\/#organization\",\"name\":\"Pihakorento\",\"url\":\"https:\\\/\\\/pihakorento.fi\\\/\",\"logo\":{\"@type\":\"ImageObject\",\"inLanguage\":\"en\",\"@id\":\"https:\\\/\\\/pihakorento.fi\\\/#\\\/schema\\\/logo\\\/image\\\/\",\"url\":\"https:\\\/\\\/pihakorento.fi\\\/wp-content\\\/uploads\\\/2021\\\/04\\\/Logo_pihakorento_utan-slogan-1024x373.png\",\"contentUrl\":\"https:\\\/\\\/pihakorento.fi\\\/wp-content\\\/uploads\\\/2021\\\/04\\\/Logo_pihakorento_utan-slogan-1024x373.png\",\"width\":1024,\"height\":373,\"caption\":\"Pihakorento\"},\"image\":{\"@id\":\"https:\\\/\\\/pihakorento.fi\\\/#\\\/schema\\\/logo\\\/image\\\/\"},\"sameAs\":[\"https:\\\/\\\/www.facebook.com\\\/PihaKorento\\\/\",\"https:\\\/\\\/www.instagram.com\\\/pihakorento_helga\\\/?hl=en\"]}]}<\/script>\n<!-- \/ Yoast SEO plugin. -->","yoast_head_json":{"title":"Pihasuunnittelukurssi - Pihakorento","description":"Pihasuunnittelukurssilla opit pihasuunnittelun perusteita - Kurssi j\u00e4rjestet\u00e4\u00e4n et\u00e4n\u00e4 koko Suomen alueella - Ilmoittaudu mukaan!","robots":{"index":"index","follow":"follow","max-snippet":"max-snippet:-1","max-image-preview":"max-image-preview:large","max-video-preview":"max-video-preview:-1"},"canonical":"https:\/\/pihakorento.fi\/index.php\/pihasuunnittelukurssi\/","og_locale":"en_US","og_type":"article","og_title":"Pihasuunnittelukurssi - Pihakorento","og_description":"Pihasuunnittelukurssilla opit pihasuunnittelun perusteita - Kurssi j\u00e4rjestet\u00e4\u00e4n et\u00e4n\u00e4 koko Suomen alueella - Ilmoittaudu mukaan!","og_url":"https:\/\/pihakorento.fi\/index.php\/pihasuunnittelukurssi\/","og_site_name":"Pihakorento I Pihasuunnittelu ja viherrakentaminen","article_publisher":"https:\/\/www.facebook.com\/PihaKorento\/","article_modified_time":"2022-03-01T07:23:35+00:00","twitter_card":"summary_large_image","twitter_misc":{"Est. reading time":"1 minute"},"schema":{"@context":"https:\/\/schema.org","@graph":[{"@type":"WebPage","@id":"https:\/\/pihakorento.fi\/index.php\/pihasuunnittelukurssi\/","url":"https:\/\/pihakorento.fi\/index.php\/pihasuunnittelukurssi\/","name":"Pihasuunnittelukurssi - Pihakorento","isPartOf":{"@id":"https:\/\/pihakorento.fi\/#website"},"datePublished":"2022-03-01T07:01:47+00:00","dateModified":"2022-03-01T07:23:35+00:00","description":"Pihasuunnittelukurssilla opit pihasuunnittelun perusteita - Kurssi j\u00e4rjestet\u00e4\u00e4n et\u00e4n\u00e4 koko Suomen alueella - Ilmoittaudu mukaan!","breadcrumb":{"@id":"https:\/\/pihakorento.fi\/index.php\/pihasuunnittelukurssi\/#breadcrumb"},"inLanguage":"en","potentialAction":[{"@type":"ReadAction","target":["https:\/\/pihakorento.fi\/index.php\/pihasuunnittelukurssi\/"]}]},{"@type":"BreadcrumbList","@id":"https:\/\/pihakorento.fi\/index.php\/pihasuunnittelukurssi\/#breadcrumb","itemListElement":[{"@type":"ListItem","position":1,"name":"Home","item":"https:\/\/pihakorento.fi\/"},{"@type":"ListItem","position":2,"name":"Pihasuunnittelukurssi &#8211; Pihakorento"}]},{"@type":"WebSite","@id":"https:\/\/pihakorento.fi\/#website","url":"https:\/\/pihakorento.fi\/","name":"Pihakorento I Pihasuunnittelu ja viherrakentaminen","description":"Pihasuunnittelu, Viherrakentaminen, Viherhoito, Pihakonsultointi","publisher":{"@id":"https:\/\/pihakorento.fi\/#organization"},"potentialAction":[{"@type":"SearchAction","target":{"@type":"EntryPoint","urlTemplate":"https:\/\/pihakorento.fi\/?s={search_term_string}"},"query-input":{"@type":"PropertyValueSpecification","valueRequired":true,"valueName":"search_term_string"}}],"inLanguage":"en"},{"@type":"Organization","@id":"https:\/\/pihakorento.fi\/#organization","name":"Pihakorento","url":"https:\/\/pihakorento.fi\/","logo":{"@type":"ImageObject","inLanguage":"en","@id":"https:\/\/pihakorento.fi\/#\/schema\/logo\/image\/","url":"https:\/\/pihakorento.fi\/wp-content\/uploads\/2021\/04\/Logo_pihakorento_utan-slogan-1024x373.png","contentUrl":"https:\/\/pihakorento.fi\/wp-content\/uploads\/2021\/04\/Logo_pihakorento_utan-slogan-1024x373.png","width":1024,"height":373,"caption":"Pihakorento"},"image":{"@id":"https:\/\/pihakorento.fi\/#\/schema\/logo\/image\/"},"sameAs":["https:\/\/www.facebook.com\/PihaKorento\/","https:\/\/www.instagram.com\/pihakorento_helga\/?hl=en"]}]}},"_links":{"self":[{"href":"https:\/\/pihakorento.fi\/index.php\/wp-json\/wp\/v2\/pages\/89175","targetHints":{"allow":["GET"]}}],"collection":[{"href":"https:\/\/pihakorento.fi\/index.php\/wp-json\/wp\/v2\/pages"}],"about":[{"href":"https:\/\/pihakorento.fi\/index.php\/wp-json\/wp\/v2\/types\/page"}],"author":[{"embeddable":true,"href":"https:\/\/pihakorento.fi\/index.php\/wp-json\/wp\/v2\/users\/1"}],"replies":[{"embeddable":true,"href":"https:\/\/pihakorento.fi\/index.php\/wp-json\/wp\/v2\/comments?post=89175"}],"version-history":[{"count":9,"href":"https:\/\/pihakorento.fi\/index.php\/wp-json\/wp\/v2\/pages\/89175\/revisions"}],"predecessor-version":[{"id":89206,"href":"https:\/\/pihakorento.fi\/index.php\/wp-json\/wp\/v2\/pages\/89175\/revisions\/89206"}],"wp:attachment":[{"href":"https:\/\/pihakorento.fi\/index.php\/wp-json\/wp\/v2\/media?parent=89175"}],"curies":[{"name":"wp","href":"https:\/\/api.w.org\/{rel}","templated":true}]}}